, 14772551
What are the prime factors of 166645360?
2, 5, 7, 297581
List the prime factors of 51304819.
2357, 21767
List the prime factors of 173049466.
2, 2399, 36067
What are the prime factors of 283794123?
3, 5261, 17981
What are the prime factors of 2499625767?
3, 1621, 514009
List the prime factors of 5408216596.
2, 17, 23, 1063, 3253
What are the prime factors of 50589670?
2, 5, 1091, 4637
List the prime factors of 115141630.
2, 5, 107, 107609
What are the prime factors of 14401845?
3, 5, 320041
List the prime factors of 3494928402.
2, 3, 7, 27737527
What are the prime factors of 979861992?
2, 3, 40827583
What are the prime factors of 104757346?
2, 52378673
List the prime factors of 124466831.
124466831
What are the prime factors of 5298219291?
3, 797, 2215901
List the prime factors of 1786836426.
2, 3, 757, 393403
What are the prime factors of 108685024?
2, 7, 485201
What are the prime factors of 189064596?
2, 3, 7, 2250769
List the prime factors of 516249441.
3, 157, 365357
List the prime factors of 91411859.
7, 11, 1187167
List the prime factors of 805997761.
17, 59, 803587
What are the prime factors of 6763332612?
2, 3, 41, 107, 128473
What are the prime factors of 86676975?
3, 5, 7, 11, 5003
What are the prime factors of 234177595?
5, 151, 310169
List the prime factors of 48304941.
3, 16101647
What are the prime factors of 6757986138?
2, 3, 37, 61, 499039
What are the prime factors of 5582354?
2, 61, 45757
List the prime factors of 961452956.
2, 569, 422431
List the prime factors of 20615503.
20615503
List the prime factors of 200004644.
2, 7, 101, 197, 359
List the prime factors of 47090804.
2, 47, 463, 541
What are the prime factors of 508717361?
508717361
What are the prime factors of 2981768909?
7, 43, 9906209
What are the prime factors of 138480844?
2, 17, 31, 179, 367
What are the prime factors of 267774761?
267774761
List the prime factors of 79844219.
7, 13, 67493
What are the prime factors of 115210159?
751, 153409
List the prime factors of 381983769.
3, 61, 97, 797
List the prime factors of 27580603.
151, 182653
List the prime factors of 1650161396.
2, 13, 31733873
List the prime factors of 337915068.
2, 3, 53, 599, 887
List the prime factors of 15143603.
107, 141529
What are the prime factors of 565253760?
2, 3, 5, 294403
List the prime factors of 15199702.
2, 7, 22157
What are the prime factors of 11219996?
2, 103, 113, 241
List the prime factors of 218975229.
3, 11, 67, 33013
List the prime factors of 697244.
2, 174311
What are the prime factors of 582100985?
5, 41, 1151, 2467
List the prime factors of 3666848885.
5, 7, 29, 3612659
List the prime factors of 155336484.
2, 3, 821, 15767
List the prime factors of 3902010597.
3, 1307, 110573
List the prime factors of 341689245.
3, 5, 89, 255947
What are the prime factors of 50752209?
3, 829, 20407
List the prime factors of 2660069779.
12049, 220771
List the prime factors of 1449657994.
2, 3011, 240727
What are the prime factors of 4650908044?
2, 4547, 255713
List the prime factors of 237182710.
2, 5, 23718271
List the prime factors of 43668478.
2, 7, 17, 43, 251
What are the prime factors of 202562965?
5, 11, 457, 8059
List the prime factors of 3400125820.
2, 5, 7, 13, 1868201
List the prime factors of 3010510689.
3, 19, 71, 479, 1553
What are the prime factors of 243284396?
2, 5689, 10691
List the prime factors of 883714669.
523, 1689703
List the prime factors of 96846281.
7, 487, 28409
List the prime factors of 363928144.
2, 47, 163, 2969
List the prime factors of 937351773.
3, 1117, 93241
List the prime factors of 3914200120.
2, 5, 31, 3156613
What are the prime factors of 3218045638?
2, 41, 101, 283, 1373
What are the prime factors of 162932295?
3, 5, 29, 374557
List the prime factors of 91247436.
2, 3, 7, 362093
What are the prime factors of 1090269255?
3, 5, 71, 409, 2503
What are the prime factors of 1559096221?
1559096221
What are the prime factors of 1702940598?
2, 3, 101, 34693
What are the prime factors of 2762913945?
3, 5, 11, 41, 408413
What are the prime factors of 2146666070?
2, 5, 214666607
What are the prime factors of 418744851?
3, 7, 631, 31601
List the prime factors of 843287790.
2, 3, 5, 61, 460813
List the prime factors of 1429057954.
2, 1171, 610187
List the prime factors of 63027967.
2383, 26449
What are the prime factors of 472488884?
2, 7, 19, 199, 4463
List the prime factors of 90665805.
3, 5, 499, 12113
What are the prime factors of 600291417?
3, 11, 191, 95239
What are the prime factors of 396733510?
2, 5, 39673351
List the prime factors of 54242647.
2663, 20369
What are the prime factors of 22104409?
29, 59, 12919
What are the prime factors of 9000775?
5, 7, 19, 2707
What are the prime factors of 122903204?
2, 30725801
What are the prime factors of 3871247089?
17, 227720417
List the prime factors of 208354033.
23, 113, 80167
List the prime factors of 240945735.
3, 5, 47, 67, 5101
What are the prime factors of 18512708?
2, 4628177
List the prime factors of 761885620.
2, 5, 38094281
What are the prime factors of 3107881760?
2, 5, 43, 557, 811
List the prime factors of 1932160880.
2, 5, 13, 173, 10739
List the prime factors of 7171866189.
3, 796874021
List the prime factors of 274790980.
2, 5, 73, 107, 1759
List the prime factors of 66874378.
2, 31, 571, 1889
What are the prime factors of 23427611?
23427611
What are the prime factors of 14131698?
2, 3, 7, 71, 677
What are the prime factors of 292898679?
3, 1201, 81293
List the prime factors of 891548259.
3, 7, 79, 537401
What are the prime factors of 1853989059?
3, 13, 191, 248891
What are the prime factors of 1769944203?
3, 73, 79, 421
List the prime factors of 80178970.
2, 5, 17, 471641
List the prime factors of 444031305.
3, 5, 29602087
What are the prime factors of 65532543?
3, 23, 31, 30637
What are the prime factors of 514560801?
3, 3727, 46021
List the prime factors of 1363887321.
3, 139, 1129, 2897
What are the prime factors of 55356742?
2, 7, 3954053
List the prime factors of 279612521.
79, 3539399
List the prime factors of 128974480.
2, 5, 1612181
List the prime factors of 938152163.
13, 31, 2327921
What are the prime factors of 1924187579?
1924187579
List the prime factors of 817049097.
3, 90783233
List the prime factors of 552843067.
7, 78977581
What are the prime factors of 75731471?
43, 103, 17099
List the prime factors of 78091019.
41, 383, 4973
What are the prime factors of 2138643232?
2, 11, 523, 11617
List the prime factors of 13086190.
2, 5, 13, 43, 2341
List the prime factors of 67130789.
11, 1439, 4241
What are the prime factors of 111800155?
5, 22360031
What are the prime factors of 213598566?
2, 3, 3955529
What are the prime factors of 62605027?
31, 137, 14741
List the prime factors of 1667229011.
7, 31, 109, 70487
List the prime factors of 33780936.
2, 3, 7, 19, 557
List the prime factors of 15762842.
2, 17, 463613
What are the prime factors of 12780528?
2, 3, 266261
What are the prime factors of 47173423?
11, 197, 1979
What are the prime factors of 989451002?
2, 494725501
What are the prime factors of 438313648?
2, 27394603
List the prime factors of 15525304.
2, 1940663
What are the prime factors of 31734437?
7, 1361, 3331
What are the prime factors of 178200257?
53, 1063, 3163
List the prime factors of 17835873.
3, 11, 17, 31793
What are the prime factors of 477157765?
5, 7, 257, 53047
What are the prime factors of 1866200921?
13, 229, 48221
What are the prime factors of 2621746689?
3, 873915563
List the prime factors of 1253493127.
15277, 82051
List the prime factors of 64933699.
107, 606857
What are the prime factors of 4057100618?
2, 5897, 343997
List the prime factors of 65983230.
2, 3, 5, 733147
List the prime factors of 61634576.
2, 97, 151, 263
List the prime factors of 276229784.
2, 3779, 9137
List the prime factors of 2363441.
2363441
What are the prime factors of 120521144?
2, 15065143
What are the prime factors of 548994838?
2, 7, 17, 41, 127, 443
What are the prime factors of 93016371?
3, 7, 4429351
What are the prime factors of 5934500619?
3, 79, 157, 159491
List the prime factors of 1752150870.
2, 3, 5, 19468343
List the prime factors of 23945251.
11, 83, 26227
List the prime factors of 125968614.
2, 3, 101, 207869
List the prime factors of 3569308530.
